*q(y). Suppose 6*i + 331 + 65 = 0. Let d = 63 + i. What is v(d)?
-13
Let n(v) be the second derivative of 9*v**4/4 - v**3/6 + 86270*v. Let a(i) = -i - 5. Let w = 6 - 10. Let q be a(w). Determine n(q).
28
Let f(z) = 7*z - 3. Suppose -5*g - 10 = 0, -21*b + 874 = -16*b + 3*g. Suppose -182 + b = -3*d. Calculate f(d).
11
Let u be 548/34 - (27/(-9) + (-106)/(-34)). Let a(k) = k**2 - 14*k - 30. What is a(u)?
2
Let m = 28 - 26. Let l be 19/(-3) - (32/24)/m. Let i(a) = a**3 + 8*a**2 + 6*a. Calculate i(l).
7
Let k(j) = 6*j - 14. Let t = 12393 - 12387. Determine k(t).
22
Let o(k) = -6*k - 4*k - 68*k**3 + 6 + 67*k**3 - 14*k**2. Determine o(-13).
-33
Let j(n) = 140*n - 43*n - 53*n - 50*n + 2. Calculate j(-5).
32
Let q(a) = -66*a + 27. Let t(o) = -17*o + 7. Let x(l) = -6*q(l) + 23*t(l). Let y(b) = b - 9. Let j be y(8). Let f be j/(-2) + (-4)/(-8). What is x(f)?
4
Let p be 0 + (1 + -6 - -2). Let h(j) = -16*j**2 - 106*j - 8. Let i(y) = -25*y**2 - 169*y - 12. Let a(t) = 8*h(t) - 5*i(t). Calculate a(p).
-22
Suppose 0 = 28*i + 3*i - 190 - 58. Let s(b) = -b**2 - b - 1. Let a(t) = -t**3 + 13*t**2 + 7*t + 6. Let m(l) = -a(l) - 5*s(l). Determine m(i).
-17
Let l(k) = 40*k + 129. Suppose -v - 4 - 34 = 5*u, -2*v = 2*u + 20. Determine l(v).
9
Let n(g) = g**2 - 10*g + 6. Let d(c) = c**2 - 14*c + 1. Let w(a) = -a**2 + 15*a. Let s(q) = -5*d(q) - 4*w(q). Let p(k) = -4*n(k) - 3*s(k). Give p(10).
-9
Let u(c) be the third derivative of -c**6/120 - 13*c**5/60 - 11*c**4/24 - 5*c**3/3 - 2586*c**2. Calculate u(-11).
-131
Let t(j) = -j**2 - 2 + 6*j - 3 + 0. Let z be -3 + (-4 - -5)*201. Let h = z - 194. Calculate t(h).
3
Let f(a) = -9*a**3 + 17*a**2 + 4*a - 17. Let z(s) = 16*s**3 - 31*s**2 - 8*s + 32. Let r(i) = 7*f(i) + 4*z(i). Calculate r(6).
21
Let g(h) = 2*h - 4. Let v(p) = -p**2 + 5*p - 6. Let i be v(5). Let n be (1/2)/((-5 - -4)/i). Suppose -n*c - 1 = -13. Calculate g(c).
4
Suppose 519 - 495 = 6*m. Let h(s) = -17*s - 3*s**2 + m*s**2 + 1535 - 2*s**2 - 1542. Calculate h(-16).
9
Let v(c) = 4*c**2 - 66 + 1 + 3*c**2 - 4*c + 2*c**2 - 8*c**2. Determine v(10).
-5
Let n be (-84)/8*4*(-1)/3. Suppose -3*s + 4*k - 39 = 0, 4*s + n = -4*k - 38. Let x be s/(-5) + 26/65. Let r(z) = z**2 - z. Give r(x).
6
Suppose 5*m + 30 = 5*p, 69*p - 64*p - 18 = m. Let o(v) = 3*v**2 + 8*v - 5. Calculate o(m).
-2
Let b(r) = 11*r - 316. Let n be (59 - 33) + (-6 - -8). What is b(n)?
-8
Let s(d) = -3*d + 57. Let a be s(3). Suppose 3*u + a = -4*g - u, -3*g = 5*u + 38. Let j(v) = -v**3 - 10*v**2 + 10*v - 10. Calculate j(g).
1
Let k(t) = t**3 - 5*t**2 - 4*t - 8. Let i be (17 + -3)*28/98. Suppose i*v - 24 = -3*f, -20*v + 24 = -16*v + 2*f. Give k(v).
4
Let p(q) = 2*q - 9. Suppose 4*h - 164 - 52 = 0. Suppose 5*v - h = -14. What is p(v)?
7
Suppose 3*i = -2*u + 2, -16*i + 14*i + 2*u + 18 = 0. Let z(y) = -3*y + 26*y - 6*y + i - 9*y - 5*y. Give z(5).
19
Let z(i) = -8*i + 73. Let t(l) = -40*l + 386. Let x(m) = -3*t(m) + 16*z(m). What is x(-3)?
34
Let r(z) = 41*z - 2. Let q(a) = 95*a - 4. Let n(b) = 2*q(b) - 5*r(b). Give n(-8).
122
Let v(y) = 3*y**2 + y + 1. Suppose 0*m + 2*m - 4 = 0. Suppose m*g - 3*k + 19 = 0, -11*g - k = -14*g - 11. What is v(g)?
11
Let s(l) be the second derivative of -13*l + 7/6*l**3 - 1/6*l**4 + 0 - 2*l**2. Let j be s(3). Let w(q) = -8*q**2 + q. Calculate w(j).
-9
Let r(v) = v**3 + 9*v**2 - v + 9. Let i(x) = -5*x**2 + 25*x + 15. Let m(c) = -3*c**2 + 24*c + 14. Let l(d) = -2*i(d) + 3*m(d). Let k be l(-21). Determine r(k).
18
Suppose x = -7*x + 8. Suppose 6*z + z - 21 = 0. Let a(h) = 44 - 7*h**2 + z*h**2 - 44. Give a(x).
-4
Let p(o) = 11*o + 11. Let r(c) = 41*c + 34. Let q(t) = 7*p(t) - 2*r(t). Calculate q(3).
-6
Let f = 14000 + -13995. Let x(c) = -4*c**2 + 19*c + 10. Determine x(f).
5
Let s(w) = w**2 - 494*w - 1996. Let m be s(-4). Let a(t) = -t**2 + 0 - 4*t - 5 + 1. Calculate a(m).
-4
Let j(o) = -2*o - 4 + 2*o - 8*o. Suppose -926*b + 930*b = -40, m + 23 = -2*b. What is j(m)?
20
Let j(u) = u**3 + 7*u**2 - 4*u - 14. Let k = 22 + 14. Let q = -28 + k. Let c(w) = 3*w**3 + 22*w**2 - 11*w - 41. Let s(h) = q*j(h) - 3*c(h). Give s(-10).
1
Let h(l) = l**2 - 5*l - 10. Let k be (21/35)/(2/(-150)). Let s be -3 - -2*k/(-10). Give h(s).
-4
Let r be (6/5)/((-10)/(-25)) + 1. Let m(h) = 2 - 8 + 97*h - 93*h + r. Determine m(2).
6
Let y(w) = -2*w**2 - 2*w - 7. Let o(g) = 25*g**2 + 47*g - 35. Let j(q) = -o(q) - 12*y(q). Determine j(-29).
-55
Let i(j) = -j**3 + j**2 + 13*j - 26. Let h(a) = a**2 + 124*a + 2948. Let o be h(-92). Calculate i(o).
-22
Suppose -2*w - 4*x - 2 = 10, -3*w - 2*x = 18. Let z(n) = 3*n + 0*n + 14*n - 16*n - 5 - 2. What is z(w)?
-13
Let h(a) be the second derivative of 54 + 0*a**3 + 1/12*a**4 - 2*a**2 + a. Calculate h(3).
5
Let z(r) = r**3 + 5*r**2 - 5*r + 11. Let g = 27 + -13. Let l be (4/g)/((-15)/35)*9. Determine z(l).
5
Let y(o) be the second derivative of -o**5/10 + o**4/6 - o**3/3 + o**2/2 - 21293*o. Suppose -x + 4*x = 6. Determine y(x).
-11
Let n(y) = 6*y + 34 - 17 - 13. Let g(f) = f. Let r(l) = 4*g(l) - n(l). What is r(8)?
-20
Let p be -1*4 - (-31 + (-4 - 0)). Let c(s) = -p*s + 12 + s**2 - 13 + 31*s. Let b be (-4)/3*3/2. Determine c(b).
3
Let v(d) = 3*d**2 - 3*d - 2. Let u be 76/(-57)*18/(-8) - 6. Give v(u).
34
Let l(t) be the first derivative of 5*t - 9*t + 7 + t**2 - t. Suppose 13*f - 18 - 45 = 2. Determine l(f).
5
Let m(a) be the second derivative of -a**2 + 1/6*a**3 + 0 - 6*a. Suppose 42 = 11*b - 5*b. Give m(b).
5
Let y(g) = g**2 - 21*g - 134. Let i(d) = 22*d + 185. Let f(t) = 3*i(t) + 4*y(t). Determine f(1).
5
Let w(o) be the third derivative of o**6/120 - o**5/3 - 11*o**4/12 + 2*o**3 - 455*o**2. Calculate w(21).
-9
Let k(v) = v + 60955*v**3 - 2*v**2 + 2 + 60936*v**3 - 121943*v**3. Calculate k(-1).
51
Let r(x) = -453*x + 11. Let u be r(0). Let q(a) = a**2 - 17*a + 67. Calculate q(u).
1
Let h(y) = -31*y**2 - 59*y - 169. Let z(i) = 14*i**2 + 27*i + 84. Let n(q) = 5*h(q) + 11*z(q). What is n(-7)?
16
Let k(h) be the second derivative of 14*h**3/3 + 131*h**2/2 - 29*h - 1. What is k(-5)?
-9
Let o(s) = 2*s. Let q = -99 + 101. Let k(j) = 11*j + 9*j**2 + j**2 + 7 - 4*j**2 - 4*j**q. Let t be k(-5). What is o(t)?
4
Suppose 2*q - h = 2, 5*h - 3*h + 4 = 0. Suppose 3*j - 23*j = q. Let a(l) = -3*l**2 - 6 + 0*l**3 + l**3 + 4*l**2. Determine a(j).
-6
Let z(f) be the third derivative of f**5/120 + f**4/3 + 67*f**3/3 - 121*f**2. Let u(l) be the first derivative of z(l). What is u(-8)?
0
Let z = 446002 - 445994. Let j(r) = -15*r + 0*r + 0 + 2*r**2 + 2. Give j(z).
10
Let w(x) be the third derivative of -x**5/30 + x**4 + 2*x**3/3 - 22*x**2 - 1. Let g be w(12). Let t(n) = 2*n - 13. What is t(g)?
-5
Let f = 28140 + -28136. Let n(m) = -71*m + 279. Determine n(f).
-5
Let h(l) = -2*l + 5. Let j be (27/(-18))/(1/(-2)) + -2. Suppose 3 + j = -4*r. Let d(s) = s - 1. Let k(w) = r*h(w) - 3*d(w). Give k(5).
-7
Let k(n) = -5*n**3 - 74*n**2 - 19*n - 2. Let m(w) = 4*w**3 + 58*w**2 + 18*w + 6. Let b(q) = -3*k(q) - 4*m(q). Give b(-6).
-72
Let t(f) be the first derivative of -f**4/4 + 10*f**3/3 + 7*f - 22208. Let c be (11 - -1) + -4 + 2. Calculate t(c).
7
Let j be 2/6 - 88/12. Let t(a) be the second derivative of -a**5/120 + a**3/2 - 8*a**2 + 2*a - 3. Let w(q) be the second derivative of t(q). Calculate w(j).
7
Let c(x) be the first derivative of x**4/4 + 2*x**3 + 3*x**2 - 4*x + 10. Let s be (-1 + 1 + -3)*-1. Suppose -5*l - 15 = s*d + 2*d, -5*l = 2*d. Calculate c(d).
-9
Let j be (213/142)/(2/(-4)). Let f(v) = -5*v - 26. Determine f(j).
-11
Let k(f) = 23*f**3 + 2*f - 1. Let a(s) = -s**3 - 5*s**2 - 48*s - 125. Let r be a(-3). What is k(r)?
24
Let u(x) = -108*x + 36. Let d(q) = -7*q + 2. Let j(l) = 15*d(l) - u(l). Calculate j(-8).
-30
Suppose 150*i - 142*i - 32 = 0. Let b(p) = -3*p - 4*p - 5*p**2 - 3*p - 1. Let h(u) = 9*u**2 + 19*u + 2. Let o(v) = 11*b(v) + 6*h(v). Determine o(i).
1
Let p be (60/(-24))/((-2)/(-12)*-5). Let x = 756 - 358. Let q(r) = p*r**2 - 2*r**2 + x - 399 + r. Give q(-3).
5
Let u = -1998 - -2000. Let a(p) = 4*p**3 - 3*p**2 + 2*p - 1. Give a(u).
23
Suppose -4*t - 2*r + 21 = -33, 5*r - 7 = -2*t. Suppose -t = 5*g - 9*g. Let c(w) be the third derivative of w**4/12 - 5*w**3/6 + 129*w**2. What is c(g)?
3
Let d(b) = b**2 - 10*b - 4. Suppose -25*r + 4*w = -23*r + 4, -2*w = -12. What is d(r)?
-4
Let c(u) = -2*u**3 - 3